tors of 1357/9 + (-16)/(-72).
151
Let d be 8/((-60)/16 - -4). Let g be -2*2 + -6 + d. Let a = -12 + g. What are the prime factors of a?
2, 5
Let d(l) = l - 2. Let i be d(7). Suppose -96 = i*u + u. Let y(z) = -z**3 - 15*z**2 + 14*z. What are the prime factors of y(u)?
2
Suppose 0 = 3*u - 3, -2*u + 0*u + 47 = -3*l. What are the prime factors of (730/l)/(2/(-3))?
73
Let l be (-2)/7 - (-194)/(-7). Let n = 17 - 3. List the prime factors of 620/n + l/98.
2, 11
Let n = -1041 - -2002. What are the prime factors of n?
31
Suppose -3*i + 5*i = 252. Suppose 2*h + f - i - 24 = 0, 5*f = -10. List the prime factors of h.
2, 19
Suppose 5*c + 25 = 5*v, -3*c - 7 = -v + 2*v. Let j(s) = -3*s - 3*s + s. What are the prime factors of j(c)?
3, 5
Let p = -11 - -18. Let v(j) = -7*j - 5 + p - 4. List the prime factors of v(-4).
2, 13
Suppose 0 = -69*w + 109*w - 5760. What are the prime factors of w?
2, 3
Let j(q) = -q**3 + 9*q**2 - 17*q + 3. Let c be j(3). Suppose c*d - 1625 + 131 = 0. List the prime factors of d.
3, 83
Suppose -3*w - 2*x = -1753, 248 + 318 = w - 3*x. What are the prime factors of w?
7, 83
Let t be ((-42)/(-3))/(5/(-5)). Let m = t + 23. Let z = m - 0. What are the prime factors of z?
3
Let n(g) = -g**3 - 6*g**2 - g - 4. Let f be n(-6). Let o be (-57)/f*(-10)/15. Suppose -2*p - 5 + o = 0. What are the prime factors of p?
7
List the prime factors of (12/(-10))/(3/10) + 754.
2, 3, 5
Let y(d) be the second derivative of d**5/20 - d**4/6 + d**3/6 + 3*d**2/2 - 3*d. What are the prime factors of y(3)?
3, 5
Let z(l) = -l**2 - 6*l - 2. Let i be z(-4). Suppose 10 = 6*c + 16. List the prime factors of c/i*2*-12.
2
Let x be -2*(3 - (2 - -2)). Suppose x*n + 6 = 3*n. Let m(k) = 7*k + 2. What are the prime factors of m(n)?
2, 11
Let s = -9 + 9. Suppose 3 = -2*n - 5*r - s, 3*r = 5*n + 85. Let k = n + 22. What are the prime factors of k?
2
Let d(j) = 59*j + 29. List the prime factors of d(3).
2, 103
Let y be (0 + -5)*-1*(-8)/(-20). What are the prime factors of y/5 - 1*(-43)/5?
3
Let i be (-4 + 0)/((-14)/(-287)). Let n = -30 - i. Suppose -32 = -4*q + n. What are the prime factors of q?
3, 7
Let p be (3*1)/(12/8). Suppose -q + 162 = 5*b, -p*q - b + 335 - 20 = 0. List the prime factors of q.
157
Let u = 38 - 42. List the prime factors of 2 + 77 + u + -4.
71
Let o(c) = c**3 + 10*c**2 - 16*c - 9. What are the prime factors of o(-5)?
2, 7
Suppose -4*v = -2*l + l + 24, 5*l + v = 120. Suppose -2*j - 2*m + l = 0, -5*j + 0*m - 3*m = -52. List the prime factors of j.
2
List the prime factors of (-16036)/(-28) - (18/(-14) - -1).
3, 191
Suppose -4*g = -2*y + 7 - 1, -g + 2*y - 9 = 0. Suppose 5*v = -5*t + 35, -5*v + g = -t - 4*v. List the prime factors of t.
3
Suppose 80 = -4*b + 5*j, 0 = -5*b - j - 38 - 33. What are the prime factors of 2*((-603)/(-4))/(b/(-10))?
3, 67
Let s = 23 + -23. Suppose s = -3*o - 2*o - x - 31, -15 = 5*o + 5*x. Let d = o - -18. List the prime factors of d.
11
Let z = 2325 + -1449. What are the prime factors of z?
2, 3, 73
Suppose 3*z = -0*j - 2*j - 15, 15 = j - 3*z. Let o = j - -29. List the prime factors of o.
29
List the prime factors of (0 - -124)*10/40*6.
2, 3, 31
Let n = 232 - -795. List the prime factors of n.
13, 79
Let g = 29 + -37. Let s = 31 - g. What are the prime factors of s?
3, 13
Suppose 10*o - 7*o = -186. Let k = -39 - o. Suppose b - 2*b = -k. What are the prime factors of b?
23
Suppose 3*o - 7*o = 40. Let n(w) = -7*w - 20. List the prime factors of n(o).
2, 5
Let y be -8*(-3 + 13) + -1. What are the prime factors of 104/(-13)*y/4?
2, 3
Let g(p) = 14*p + 1. Let d = 32 - 14. Let j be d/(-15)*(-5)/2. What are the prime factors of g(j)?
43
Let x(t) = 89*t**3 - 3*t**2 + 2*t. Let q be x(1). Let r = q + -11. List the prime factors of r.
7, 11
Let n = -511 - -1578. What are the prime factors of n?
11, 97
Let f be (-76 - 3)/((-5)/10). Suppose -2*n - f = -2*a, -3*n = 5*a + n - 395. What are the prime factors of a?
79
Let c = 192 + 102. Suppose c + 474 = 12*u. What are the prime factors of u?
2
Let o(q) be the second derivative of 25*q**3/6 - 7*q**2/2 - 18*q. What are the prime factors of o(7)?
2, 3, 7
Let h(k) = k**3 - 15*k**2 + 42*k + 15. What are the prime factors of h(19)?
37, 61
Let w be 18/27 - 26/(-6). Suppose 2*t + 4*h - 5*h - 6 = 0, w*h = t - 3. Suppose -l + t*l - 36 = 0. List the prime factors of l.
2, 3
Let m be 0 - (-1 - -51) - -2. Suppose -4*s - 5*b + 351 = 0, 0*s + b + 165 = 2*s. Let z = s + m. List the prime factors of z.
2, 3
Let w = 55 + -70. List the prime factors of 330/2 + 7 + w + 5.
2, 3
Suppose l - 3*b = -2*b + 175, -4*b = -3*l + 523. What are the prime factors of l?
3, 59
Let n be (88/6)/(22/(-132)). Let l = n + 164. List the prime factors of l.
2, 19
Let c = 36 + 109. Suppose 0 = -5*o + 190 + c. Let l = -30 + o. What are the prime factors of l?
37
Let a(l) = -6*l - 5. Let k be a(-2). List the prime factors of ((-3 - -1) + 0 + 13)*k.
7, 11
Suppose 0 = -5*r - 2*z - 760, 0 = -4*r + 5*r - 3*z + 152. Let i be (21/28)/((-1)/(-284)). Let y = r + i. What are the prime factors of y?
61
Let q = -816 - -1185. List the prime factors of q.
3, 41
Let s(k) be the third derivative of -k**4 - 3*k**3/2 + 5*k**2. Let a be s(12). What are the prime factors of a/(-11)*(-2)/(-2)?
3
Suppose 0 = -4*y + 20, -4*y + 3*y + 5 = 5*o. Suppose -37 = -o*j - j. List the prime factors of j.
37
Let n = 2012 + -1406. Suppose 7*u - 613 = 2*u + 3*j, 5*u - n = -4*j. What are the prime factors of u?
2, 61
Let k(f) = 2*f**2 + 5*f - 278. List the prime factors of k(25).
1097
Let u(d) = 2*d**2 - 12*d - 70. List the prime factors of u(12).
2, 37
List the prime factors of (-5 - -1) + (1 - -394 - 2).
389
Let u(f) = f**3 - f**2 + 13. Let b be u(0). Let c(m) = -m**2 + 11*m - 3. Let d be c(7). Let p = d - b. List the prime factors of p.
2, 3
Suppose 50*p - 8 = 46*p. Suppose 3*h + 0*b - p*b - 425 = 0, 6 = 3*b. What are the prime factors of h?
11, 13
Let h(s) = -4*s - 2. Let w be h(5). Let x = w - -44. List the prime factors of x.
2, 11
Let i be (-5)/(-5)*(1 + 242). Let b be (i/12)/(-1)*-8. Suppose -4*g - 14 = -b. List the prime factors of g.
37
Let b be 4*(3 - 1)/4. Suppose -s = -b*s. Suppose -2*f + 54 + 6 = s. What are the prime factors of f?
2, 3, 5
Let r = 878 + -427. List the prime factors of r.
11, 41
Suppose 4*r + 3*a + 34 + 57 = 0, -4*r = -2*a + 106. Suppose 5*d - 3 = 7. Let q = d - r. List the prime factors of q.
3
Suppose 3*n + 4*u - 62 = 0, -4*n + 4*u + 22 = -n. Suppose -8 + n = 2*k. Suppose 4*m - 4 = i + 19, k*m + 5*i = 23. List the prime factors of m.
2, 3
Let j be ((-14)/4)/((-12)/(-24)). Let o = 11 + j. Suppose 0 = o*l + 5*d - 52, l + 50 = 4*l + d. List the prime factors of l.
2, 3
Let p = 10585 + -5875. List the prime factors of p.
2, 3, 5, 157
Let v = 133 - 204. Let w = v - -97. List the prime factors of w.
2, 13
Let i(w) be the second derivative of w**6/180 + w**5/24 + w**4/6 + 2*w**3/3 + 3*w. Let k(g) be the second derivative of i(g). List the prime factors of k(-5).
29
Let y = -12 + 19. What are the prime factors of 142/y + 16/(-56)?
2, 5
Suppose -224 = -o + 5*d - 77, -129 = -o - d. List the prime factors of o.
2, 3, 11
Let v = 3576 - 894. List the prime factors of v.
2, 3, 149
Let k(t) = 2*t**2 - 2*t. Let b be k(2). Suppose 0*z - 2*z + 198 = c, -b*c + 2*z = -782. What are the prime factors of c?
2, 7
Suppose 0 = 5*z + 5*z - 2010. List the prime factors of z.
3, 67
List the prime factors of ((-1100)/15)/(6/(-126)).
2, 5, 7, 11
Let r be -165*(-2)/4*32/(-48). Let h be ((-90)/(-4))/((-1)/(-4)). Let s = r + h. List the prime factors of s.
5, 7
Suppose 0 = 3*c + 4*c + 10136. What are the prime factors of (-4)/(60/(-9)) + c/(-20)?
73
Suppose -4*h + 4182 = 3*d - 951, -4*d + 6844 = 5*h. List the prime factors of d.
29, 59
Suppose 0 = 11*n - 4955 - 2448. List the prime factors of n.
673
Let q(w) = -w**2 - 13*w + 16. Let u be q(-10). Suppose 2*k - u = 396. List the prime factors of k.
13, 17
List the prime factors of (40404/(-126))/(6/(-81)).
3, 13, 37
Let x(l) = -l**3 - 5*l**2 - 7*l - 5. Suppose 0 = 2*g - h + 4*h + 15, -2*h - 8 = g. What are the prime factors of x(g)?
73
Let u(s) = -s**2 - 10*s - 17. Let v be u(-9). Let d = -5 - v. Suppose z - 41 = d. List the prime factors of z.
2, 11
Let t = 27 + -36. What are the prime factors of (-240)/t + 3/9?
3
Suppose 2*v 